 + 7?
4
Suppose -4*c + 6 = -10, c - 1 = r. Calculate the remainder when 18 is divided by (r - 0 - -7)*1.
8
Suppose 5*z + 0*g = -3*g + 93, -5*z = -3*g - 117. Suppose -3*t - 6 = -3*b - 201, 0 = -2*t - 3*b + 110. What is the remainder when t is divided by z?
19
Let h(s) = s**3 + 10*s**2 + 11*s + 8. What is the remainder when h(-7) is divided by 20?
18
Let d be (4/2 - 1) + -3. Calculate the remainder when 26 is divided by d/4*(-14 - 0).
5
Let f = -2 - -4. Let x = 0 - 3. Let d = x - -5. Calculate the remainder when f is divided by d.
0
Suppose b = 2*d - 4*b - 45, -d + 20 = -2*b. Calculate the remainder when 28 is divided by d.
8
Suppose 0 = 4*g - 12. Calculate the remainder when (99/(-6))/(g/(-4)) is divided by 12.
10
Suppose 2*x - 56 = x. Suppose 2*i = 2*f - x, 3*i - 133 = -2*f - 2*f. Calculate the remainder when f is divided by 2/6 + (-94)/(-6).
15
Suppose 97 = 5*t - k, 0 = 2*t + t + 5*k - 75. Let s(b) = -96*b + 2. What is the remainder when s(-1) is divided by t?
18
Suppose r - 10 = 14. Calculate the remainder when 42 is divided by r.
18
What is the remainder when 18 is divided by 4/10 + 8/((-320)/(-264))?
4
Let q(o) = o**2 - 2*o - 9. What is the remainder when 43 is divided by q(6)?
13
Let g(c) = 3 + 5*c**2 + 0*c + 2 - 4 - 5*c - c**3. Let z be g(4). Calculate the remainder when 0 - (-14 - z - -2) is divided by 4.
1
Suppose -168 = 28*v - 31*v. Calculate the remainder when v is divided by 15.
11
Suppose 15 = -0*t + 5*t. Let q = t + 4. What is the remainder when 11 is divided by q?
4
Let s = -60 - -117. Calculate the remainder when s is divided by 15.
12
Suppose 0 = -5*h - 4*p + 125, -4*h + 25 = -3*h + 4*p. What is the remainder when 49 is divided by h?
24
Suppose -6 - 5 = -r. Let o = 0 - 25. Let g = o - -55. Calculate the remainder when g is divided by r.
8
Suppose 3*x = x + 6. Suppose 0*u = x*u - 21. Let g(c) = -c**2 - 6*c + 7. What is the remainder when g(-5) is divided by u?
5
Suppose 0 = -s + i + 11, -s + 3*i = 2 - 3. What is the remainder when 57 is divided by s?
9
Let a = 54 - 83. Let d = a + 51. What is the remainder when 65 is divided by d?
21
Let q(u) = 4*u**2 + 5*u**3 + 6*u**2 - 3*u**3 - 10*u - 3*u**3 - 5. Let w be q(9). Let l = w + 23. What is the remainder when 16 is divided by l?
7
Let r(x) = 27*x - 1. Let b be r(1). Suppose b = n + 4. What is the remainder when 42 is divided by n?
20
Suppose l - 80 = 5*l. What is the remainder when (-328)/l - (-2)/(-5) is divided by 6?
4
Calculate the remainder when (82/(-6))/(2/(-18)) is divided by (-555)/(-18) - 2/(-12).
30
Let g be 1 - (-15 + 3) - -1. Calculate the remainder when 39 is divided by 7/g + (-19)/(-2).
9
Suppose 3*s + 4*i = 51, 3*s + 3*i = 17 + 31. Suppose -3*l + 9 + 12 = 0. Calculate the remainder when s is divided by l.
6
Let h be 14/4*84/49. Let f(y) = -y**3 + 6*y**2 + 2*y - 1. Calculate the remainder when f(h) is divided by 3.
2
Suppose 5*v + 120 = v. Let f = 42 + v. Calculate the remainder when f is divided by 4.
0
Let w(b) = b**2 + 20. Let n be w(0). Let i = -9 + n. What is the remainder when 42 is divided by i?
9
What is the remainder when 21 is divided by (-250)/(-20) - 2/4?
9
Let t(d) = -d**2 - 7*d + 6. Let u(y) = y**2 - 7*y + 1. Let m be u(6). Let l be m - 2 - (0 + -1). Calculate the remainder when 23 is divided by t(l).
11
Let a(m) = -12*m**3 - m. Let q be -2*(-2)/2*2. Suppose 0 = 2*y - x, 0*x = -5*y - q*x - 13. Calculate the remainder when 24 is divided by a(y).
11
Let m = -103 + 168. Let c(q) = -q**2 + q + 22. What is the remainder when m is divided by c(0)?
21
Let n(r) = -14 + 6*r + 7*r - 2*r - 8*r. Calculate the remainder when 10/25 - 143/(-5) is divided by n(10).
13
Let j(o) = -6*o**3 - o**2 + 5*o + 2. What is the remainder when 142 is divided by j(-2)?
34
Suppose 0 = 4*r + 3*z - 28, 4*r - 10 - 18 = 2*z. Suppose -2*d + 52 = -5*t, -4*d - 4*t = -2*d - 52. Calculate the remainder when d is divided by r.
5
Let y = -29 - -132. Calculate the remainder when y is divided by 26.
25
Suppose d - 6 = 4. What is the remainder when 15 is divided by d?
5
Let o = 2 + -1. Let y(p) = -p**3 + 8*p**2 - 14*p - 2. Calculate the remainder when y(5) is divided by o.
0
Let w be ((-10)/4)/(1/(-10)). Let p = w + 12. What is the remainder when p is divided by 10?
7
Let q = 70 + -53. Calculate the remainder when (124/(-8))/(1/(-2)) is divided by q.
14
Let k(f) = -f**3 - 6*f**2 - 2. Let i be k(-6). Let g = i - -21. What is the remainder when g is divided by 7?
5
Suppose 5*d - 1 = 54. What is the remainder when d is divided by 3?
2
Let m(l) = -4*l + 9. Calculate the remainder when m(-9) is divided by 16.
13
Suppose -y + 30 = y. Suppose 0*t - 176 = -4*t. Calculate the remainder when t is divided by y.
14
Let z(p) = -5 + 3 - 6 - 5*p + 0. Calculate the remainder when z(-4) is divided by 5.
2
Let o = -8 + 41. Suppose -o = 2*z - 5*z. Calculate the remainder when 20 is divided by z.
9
Let w(l) = -l**3 + 4*l**2 - l - 1. Let d be w(3). Suppose m = d*m - 32. What is the remainder when m is divided by 5?
3
Suppose 0 = j + 3*i, 2*j - 6*j - 2*i = -10. Suppose -8 - 145 = -j*c. What is the remainder when c is divided by 13?
12
Let x = -37 - -58. Let a(k) = -k**2 + 16*k + 46. What is the remainder when a(15) is divided by x?
19
Let n(f) = f**3 - 2*f**2 - f. Let q be n(2). Calculate the remainder when 42 is divided by 456/21 + q/(-7).
20
Let p(o) = -o**2 - 6*o - 1. What is the remainder when p(-4) is divided by 4?
3
Let q be -3 - (-9 + 2/2). Suppose -q*n + r + 23 = -r, -4*n = 3*r - 23. Suppose n*k - 11 = 2*d, -1 + 9 = 4*d. Calculate the remainder when 4 is divided by k.
1
Suppose 2 = 4*j - 46. Let a be 8/j - 1/(-3). Calculate the remainder when 2 + 44/2 - a is divided by 8.
7
Let l be (1/(-3))/(1/3). Let t(k) = -19*k**3 - k**2 - k - 1. What is the remainder when t(l) is divided by 5?
3
Suppose -26 = -2*x - 10. Calculate the remainder when 23 is divided by x.
7
Let z = 5 - 1. Let w(u) = 14*u**2 - u - 2. Let g be w(3). Suppose 5*a = z*o + g, 0*a + o - 80 = -4*a. What is the remainder when a is divided by 11?
10
Let r = 33 - -44. Calculate the remainder when r is divided by 20.
17
Let d = -526 - -529. What is the remainder when (-1 + 3)*(6 - 2) is divided by d?
2
Let r(d) = 6*d**3 + 2*d - 1. Let f be r(1). Let s = f + 31. Calculate the remainder when s is divided by 13.
12
Let k = -27 - -30. What is the remainder when 5 is divided by k?
2
Suppose 0 = 5*o + 2*i - 18, -2*i = 2*o - 3*i. Suppose o + 0 = w. Suppose -15 = -k + w*u, 0*k + 57 = 4*k - 5*u. Calculate the remainder when k is divided by 5.
3
Let q = -12 + 20. Let a(l) = l**3 + 4*l**2 + 3. Let k be a(-4). Let z = k + 2. Calculate the remainder when q is divided by z.
3
Let q = 12 - -9. Let i = -12 + q. Suppose -o + 0*o = -26. What is the remainder when o is divided by i?
8
Let s be ((-18)/(-4))/(3/6). Let p(a) = a - 7 - a**2 + s + 3*a. Calculate the remainder when 2 is divided by p(4).
0
Let o(g) = 0*g**3 + 11 - g**3 - 4 + 6*g - 3*g**2 - 2*g**2. Suppose 0 = -4*d + d - 18. What is the remainder when 19 is divided by o(d)?
5
Let f(o) = -o**3 - 6*o**2 - 5*o + 7. Let n be f(-5). Let a(v) = 4*v**2 - 5*v - 2. Calculate the remainder when a(-3) is divided by (-121)/(-7) + (-2)/n.
15
Calculate the remainder when -2 - (-2 - -1) - -7 is divided by 3.
0
Suppose 42 = 2*n - 2*o, 0*n = -4*n - 3*o + 70. Suppose l = 8*u - 4*u + 73, 0 = 3*l - 4*u - 219. Calculate the remainder when l is divided by n.
16
Calculate the remainder when 19 is divided by (-7)/(14/(-6)) + (10 - 0).
6
Let f(u) = -6*u - 28. Calculate the remainder when 36 is divided by f(-8).
16
Let v be (-1 + 17)/(1 + 1). Let l(w) = w**2 - 9*w + 9. Suppose -10 = -5*u + 4*f, -u + 1 = 2*f - 1. Calculate the remainder when u is divided by l(v).
0
Suppose 20 = 5*h - h. Calculate the remainder when 17 is divided by h.
2
Calculate the remainder when 29 is divided by 5/(-40)*10*-4.
4
Let r(o) = -o**2 + 6*o - 4. Suppose 0*s - 2*s = -10. Calculate the remainder when r(s) is divided by 1.
0
Let q(o) = o**2 - 5*o - 1. What is the remainder when 19 is divided by q(6)?
4
Let i(c) = c**2 - 3*c - 3. Let y = -30 - -64. Let k = y - 21. What is the remainder when k is divided by i(-2)?
6
Suppose -2*y - p + 56 = 2*y, -4*y + 2*p = -44. Let r = 19 - y. Calculate the remainder when 11 is divided by r.
5
Let r = 0 - -10. Calculate the rema